{"id":286,"date":"2021-03-30T15:54:04","date_gmt":"2021-03-30T13:54:04","guid":{"rendered":"https:\/\/lihoa.asmoz.org\/?page_id=286"},"modified":"2023-01-18T15:46:19","modified_gmt":"2023-01-18T14:46:19","slug":"otros-recursos","status":"publish","type":"page","link":"https:\/\/lihoa.asmoz.eus\/?page_id=286&lang=es","title":{"rendered":"Otros recursos"},"content":{"rendered":"<p>[et_pb_section fb_built=\u00bb1&#8243; _builder_version=\u00bb4.16&#8243; _module_preset=\u00bbdefault\u00bb global_colors_info=\u00bb{}\u00bb][\/et_pb_section][et_pb_section fb_built=\u00bb1&#8243; _builder_version=\u00bb4.19.1&#8243; _module_preset=\u00bbdefault\u00bb background_image=\u00bbhttps:\/\/lihoa.asmoz.eus\/wp-content\/uploads\/2021\/03\/annie-spratt-xTaOPMa6wAE-unsplash-scaled.jpg\u00bb custom_margin=\u00bb||-486px|||\u00bb global_colors_info=\u00bb{}\u00bb][\/et_pb_section][et_pb_section fb_built=\u00bb1&#8243; _builder_version=\u00bb4.19.1&#8243; _module_preset=\u00bbbfe26720-cd02-46c6-8461-b4751ea866e9&#8243; custom_margin=\u00bb-118px||-74px|||\u00bb custom_padding=\u00bb143px||28px|61px||\u00bb global_colors_info=\u00bb{}\u00bb][et_pb_row _builder_version=\u00bb4.19.1&#8243; _module_preset=\u00bbdefault\u00bb custom_margin=\u00bb-72px|auto|-6px|auto||\u00bb global_colors_info=\u00bb{}\u00bb][et_pb_column type=\u00bb4_4&#8243; _builder_version=\u00bb4.19.1&#8243; _module_preset=\u00bbdefault\u00bb global_colors_info=\u00bb{}\u00bb][et_pb_text _builder_version=\u00bb4.19.1&#8243; _module_preset=\u00bbdefault\u00bb custom_margin=\u00bb9px|||||\u00bb hover_enabled=\u00bb0&#8243; global_colors_info=\u00bb{}\u00bb sticky_enabled=\u00bb0&#8243;]<\/p>\n<h2><strong>EN ESTE APARTADO SE INCLUYEN OTROS RECURSOS COMPLEMENTARIOS:<br \/><\/strong><\/h2>\n<p>[\/et_pb_text][\/et_pb_column][\/et_pb_row][et_pb_row _builder_version=\u00bb4.19.1&#8243; _module_preset=\u00bbdefault\u00bb custom_padding=\u00bb24px||32px|||\u00bb global_colors_info=\u00bb{}\u00bb][et_pb_column type=\u00bb4_4&#8243; _builder_version=\u00bb4.19.1&#8243; _module_preset=\u00bbdefault\u00bb global_colors_info=\u00bb{}\u00bb][et_pb_text _builder_version=\u00bb4.19.1&#8243; _module_preset=\u00bbdefault\u00bb custom_margin=\u00bb-9px|||||\u00bb hover_enabled=\u00bb0&#8243; global_colors_info=\u00bb{}\u00bb sticky_enabled=\u00bb0&#8243;]<\/p>\n<h6><span style=\"font-size: large;\">Egon Heger es un alem\u00e1n experto en lino. A continuaci\u00f3n puedes ver dos de sus v\u00eddeos que recogen el proceso del lino:<br \/><\/span><\/h6>\n<p>[\/et_pb_text][\/et_pb_column][\/et_pb_row][et_pb_row column_structure=\u00bb1_2,1_2&#8243; _builder_version=\u00bb4.19.1&#8243; _module_preset=\u00bbdefault\u00bb min_height=\u00bb443.9px\u00bb custom_margin=\u00bb-13px|auto||auto||\u00bb custom_padding=\u00bb0px|||||\u00bb global_colors_info=\u00bb{}\u00bb][et_pb_column type=\u00bb1_2&#8243; _builder_version=\u00bb4.19.1&#8243; _module_preset=\u00bbdefault\u00bb global_colors_info=\u00bb{}\u00bb][et_pb_video src=\u00bbhttps:\/\/www.youtube.com\/watch?v=FB8ghBKYpHE&#038;t=714s\u00bb _builder_version=\u00bb4.19.1&#8243; _module_preset=\u00bbdefault\u00bb global_colors_info=\u00bb{}\u00bb][\/et_pb_video][\/et_pb_column][et_pb_column type=\u00bb1_2&#8243; _builder_version=\u00bb4.19.1&#8243; _module_preset=\u00bbdefault\u00bb global_colors_info=\u00bb{}\u00bb][et_pb_video src=\u00bbhttps:\/\/www.youtube.com\/watch?v=HNN6U5Z63bs&#038;t=5s\u00bb _builder_version=\u00bb4.19.1&#8243; _module_preset=\u00bbdefault\u00bb global_colors_info=\u00bb{}\u00bb][\/et_pb_video][\/et_pb_column][\/et_pb_row][et_pb_row _builder_version=\u00bb4.19.1&#8243; _module_preset=\u00bbdefault\u00bb min_height=\u00bb4.8px\u00bb custom_margin=\u00bb-31px|auto||auto||\u00bb custom_padding=\u00bb14px|||||\u00bb global_colors_info=\u00bb{}\u00bb][et_pb_column type=\u00bb4_4&#8243; _builder_version=\u00bb4.19.1&#8243; _module_preset=\u00bbdefault\u00bb global_colors_info=\u00bb{}\u00bb][et_pb_text _builder_version=\u00bb4.19.1&#8243; _module_preset=\u00bbdefault\u00bb custom_padding=\u00bb||0px|||\u00bb hover_enabled=\u00bb0&#8243; global_colors_info=\u00bb{}\u00bb sticky_enabled=\u00bb0&#8243; custom_margin=\u00bb||35px|||\u00bb]<\/p>\n<h4><strong><span>Por otro lado, en la p\u00e1gina web del Museo de Igartubeiti podemos encontrar informaci\u00f3n enriquecedora sobre el lino<\/span>\u00a0<a href=\"https:\/\/www.igartubeitibaserria.eus\/eu\/artxibo-digitala\/erakusketa-birtualak\/lihoa-lantzen-1\"><span style=\"color: #800080;\">haciendo click aqu\u00ed.<\/span><\/a><\/strong><\/h4>\n<p>[\/et_pb_text][et_pb_image src=\u00bbhttps:\/\/lihoa.asmoz.eus\/wp-content\/uploads\/2021\/03\/Antolatzailea-8.png\u00bb title_text=\u00bbAntolatzailea (8)\u00bb align=\u00bbcenter\u00bb _builder_version=\u00bb4.16&#8243; _module_preset=\u00bbdefault\u00bb global_colors_info=\u00bb{}\u00bb custom_margin=\u00bb94px|||||\u00bb][\/et_pb_image][\/et_pb_column][\/et_pb_row][\/et_pb_section]<\/p>\n","protected":false},"excerpt":{"rendered":"<p>EN ESTE APARTADO SE INCLUYEN OTROS RECURSOS COMPLEMENTARIOS:Egon Heger es un alem\u00e1n experto en lino. A continuaci\u00f3n puedes ver dos de sus v\u00eddeos que recogen el proceso del lino:Por otro lado, en la p\u00e1gina web del Museo de Igartubeiti podemos encontrar informaci\u00f3n enriquecedora sobre el lino\u00a0haciendo click aqu\u00ed.<\/p>\n","protected":false},"author":1,"featured_media":0,"parent":78,"menu_order":3,"comment_status":"closed","ping_status":"closed","template":"","meta":{"_et_pb_use_builder":"on","_et_pb_old_content":"","_et_gb_content_width":""},"_links":{"self":[{"href":"https:\/\/lihoa.asmoz.eus\/index.php?rest_route=\/wp\/v2\/pages\/286"}],"collection":[{"href":"https:\/\/lihoa.asmoz.eus\/index.php?rest_route=\/wp\/v2\/pages"}],"about":[{"href":"https:\/\/lihoa.asmoz.eus\/index.php?rest_route=\/wp\/v2\/types\/page"}],"author":[{"embeddable":true,"href":"https:\/\/lihoa.asmoz.eus\/index.php?rest_route=\/wp\/v2\/users\/1"}],"replies":[{"embeddable":true,"href":"https:\/\/lihoa.asmoz.eus\/index.php?rest_route=%2Fwp%2Fv2%2Fcomments&post=286"}],"version-history":[{"count":23,"href":"https:\/\/lihoa.asmoz.eus\/index.php?rest_route=\/wp\/v2\/pages\/286\/revisions"}],"predecessor-version":[{"id":770,"href":"https:\/\/lihoa.asmoz.eus\/index.php?rest_route=\/wp\/v2\/pages\/286\/revisions\/770"}],"up":[{"embeddable":true,"href":"https:\/\/lihoa.asmoz.eus\/index.php?rest_route=\/wp\/v2\/pages\/78"}],"wp:attachment":[{"href":"https:\/\/lihoa.asmoz.eus\/index.php?rest_route=%2Fwp%2Fv2%2Fmedia&parent=286"}],"curies":[{"name":"wp","href":"https:\/\/api.w.org\/{rel}","templated":true}]}}