{"id":308,"date":"2021-03-31T11:19:23","date_gmt":"2021-03-31T09:19:23","guid":{"rendered":"https:\/\/lihoa.asmoz.org\/?page_id=308"},"modified":"2023-01-19T16:05:42","modified_gmt":"2023-01-19T15:05:42","slug":"infografia","status":"publish","type":"page","link":"https:\/\/lihoa.asmoz.eus\/?page_id=308&lang=es","title":{"rendered":"Infograf\u00eda"},"content":{"rendered":"<p>[et_pb_section fb_built=\u00bb1&#8243; _builder_version=\u00bb4.16&#8243; _module_preset=\u00bbdefault\u00bb global_colors_info=\u00bb{}\u00bb][et_pb_row _builder_version=\u00bb4.19.1&#8243; _module_preset=\u00bbdefault\u00bb hover_transition_duration=\u00bb0ms\u00bb hover_enabled=\u00bb0&#8243; global_colors_info=\u00bb{}\u00bb background_color=\u00bbRGBA(255,255,255,0)\u00bb sticky_enabled=\u00bb0&#8243;][et_pb_column type=\u00bb4_4&#8243; _builder_version=\u00bb4.16&#8243; _module_preset=\u00bbdefault\u00bb global_colors_info=\u00bb{}\u00bb][et_pb_text _builder_version=\u00bb4.19.1&#8243; _module_preset=\u00bbdefault\u00bb header_text_color=\u00bb#000000&#8243; background_color=\u00bb#FFFFFF\u00bb hover_transition_duration=\u00bb0ms\u00bb hover_enabled=\u00bb0&#8243; global_colors_info=\u00bb{}\u00bb sticky_enabled=\u00bb0&#8243;]<\/p>\n<p style=\"text-align: left;\">En el proceso de siembra del lino existen var\u00edas fases y procesos a tener en cuenta. La siguiente infograf\u00eda recoge los pasos. En caso de querer ver la infograf\u00eda en mejor calidad y poder descargarla haz click en la siguiente imagen.<\/p>\n<p>[\/et_pb_text][\/et_pb_column][\/et_pb_row][et_pb_row _builder_version=\u00bb4.19.1&#8243; _module_preset=\u00bbdefault\u00bb hover_enabled=\u00bb0&#8243; global_colors_info=\u00bb{}\u00bb sticky_enabled=\u00bb0&#8243;][et_pb_column type=\u00bb4_4&#8243; _builder_version=\u00bb4.19.1&#8243; _module_preset=\u00bbdefault\u00bb global_colors_info=\u00bb{}\u00bb][et_pb_image src=\u00bbhttps:\/\/lihoa.asmoz.eus\/wp-content\/uploads\/2023\/01\/INFOGRAFIA_CAS.png\u00bb title_text=\u00bbINFOGRAFIA_CAS\u00bb url=\u00bbhttps:\/\/lihoa.asmoz.eus\/wp-content\/uploads\/2023\/01\/EREITEN-Lihoa-A1.pdf\u00bb url_new_window=\u00bbon\u00bb _builder_version=\u00bb4.19.1&#8243; _module_preset=\u00bbdefault\u00bb hover_enabled=\u00bb0&#8243; global_colors_info=\u00bb{}\u00bb sticky_enabled=\u00bb0&#8243;][\/et_pb_image][\/et_pb_column][\/et_pb_row][\/et_pb_section]<\/p>\n","protected":false},"excerpt":{"rendered":"<p>En el proceso de siembra del lino existen var\u00edas fases y procesos a tener en cuenta. La siguiente infograf\u00eda recoge los pasos. En caso de querer ver la infograf\u00eda en mejor calidad y poder descargarla haz click en la siguiente imagen.<\/p>\n","protected":false},"author":1,"featured_media":0,"parent":78,"menu_order":2,"comment_status":"closed","ping_status":"closed","template":"","meta":{"_et_pb_use_builder":"on","_et_pb_old_content":"","_et_gb_content_width":""},"_links":{"self":[{"href":"https:\/\/lihoa.asmoz.eus\/index.php?rest_route=\/wp\/v2\/pages\/308"}],"collection":[{"href":"https:\/\/lihoa.asmoz.eus\/index.php?rest_route=\/wp\/v2\/pages"}],"about":[{"href":"https:\/\/lihoa.asmoz.eus\/index.php?rest_route=\/wp\/v2\/types\/page"}],"author":[{"embeddable":true,"href":"https:\/\/lihoa.asmoz.eus\/index.php?rest_route=\/wp\/v2\/users\/1"}],"replies":[{"embeddable":true,"href":"https:\/\/lihoa.asmoz.eus\/index.php?rest_route=%2Fwp%2Fv2%2Fcomments&post=308"}],"version-history":[{"count":12,"href":"https:\/\/lihoa.asmoz.eus\/index.php?rest_route=\/wp\/v2\/pages\/308\/revisions"}],"predecessor-version":[{"id":785,"href":"https:\/\/lihoa.asmoz.eus\/index.php?rest_route=\/wp\/v2\/pages\/308\/revisions\/785"}],"up":[{"embeddable":true,"href":"https:\/\/lihoa.asmoz.eus\/index.php?rest_route=\/wp\/v2\/pages\/78"}],"wp:attachment":[{"href":"https:\/\/lihoa.asmoz.eus\/index.php?rest_route=%2Fwp%2Fv2%2Fmedia&parent=308"}],"curies":[{"name":"wp","href":"https:\/\/api.w.org\/{rel}","templated":true}]}}